0
In base 2, what is -11 - 1010110000111010?
-1010110000111101
In base 6, what is 43305020 + 3?
43305023
In base 8, what is 30 + -260142?
-260112
In base 5, what is 1 + 1023111422?
1023111423
In base 10, what is 860 + -495?
365
In base 13, what is -2ca7 - 1?
-2ca8
In base 15, what is e74c + 1?
e74d
In base 12, what is -1 - -103102?
103101
In base 7, what is 13065 + 1?
13066
In base 11, what is -13 - 1099?
-1101
In base 16, what is 4f0e4 - -4?
4f0e8
In base 6, what is 4 - -4345140?
4345144
In base 10, what is 5545 + -3?
5542
In base 5, what is -21014 - -4100?
-11414
In base 9, what is -537 + -237?
-775
In base 12, what is 17a - 260?
-a2
In base 9, what is 853 + 264?
1227
In base 15, what is dd + 96?
184
In base 13, what is -12a4 + -2?
-12a6
In base 5, what is 123 + 40214?
40342
In base 8, what is 1767 + 30?
2017
In base 5, what is 1 - 10120121?
-10120120
In base 3, what is 10220011 + 10100?
11000111
In base 4, what is 230202 + 0?
230202
In base 11, what is 5 + -61a8?
-61a3
In base 15, what is 4e588 + 3?
4e58b
In base 11, what is -65 + -4070?
-4125
In base 9, what is 4478 + -12?
4466
In base 16, what is 2 - 4e32f?
-4e32d
In base 3, what is -101101011010 - -10?
-101101011000
In base 4, what is -2 + -21333211?
-21333213
In base 3, what is -11010122 - -11000?
-10222122
In base 16, what is 1c4b + 4?
1c4f
In base 13, what is -6 - -290a?
2904
In base 5, what is -3231 - -321?
-2410
In base 4, what is -10 - 1101211?
-1101221
In base 4, what is -120023331 + 1?
-120023330
In base 8, what is 1223462 - 2?
1223460
In base 16, what is 20a - -dc?
2e6
In base 16, what is -3 + 3c47?
3c44
In base 14, what is 172 - -67?
1d9
In base 16, what is 1de + a?
1e8
In base 11, what is -2 - -a140?
a139
In base 12, what is 30043 + 11?
30054
In base 8, what is 21 + -615?
-574
In base 9, what is -122274 + -4?
-122278
In base 12, what is -629817 + -5?
-629820
In base 16, what is -b - 15a?
-165
In base 10, what is 249 + 7050?
7299
In base 16, what is -52fd93 + 3?
-52fd90
In base 16, what is -15cda - -1b?
-15cbf
In base 15, what is b + -41c95?
-41c89
In base 10, what is -3000 - 0?
-3000
In base 2, what is -10010010 + 100111001?
10100111
In base 16, what is 3355 + 18?
336d
In base 16, what is -1b03 - e?
-1b11
In base 6, what is -23331 - -103?
-23224
In base 16, what is -5 + -3eef?
-3ef4
In base 2, what is 1101 + -110101100111?
-110101011010
In base 15, what is 2e9 + d?
307
In base 15, what is 173 - -bc?
240
In base 10, what is -23439 - 1?
-23440
In base 8, what is 127 - 2506?
-2357
In base 16, what is 223 - 60?
1c3
In base 11, what is -1 + 11698?
11697
In base 14, what is 1c84 - 284?
1a00
In base 5, what is -1 - 4144004?
-4144010
In base 5, what is 20 - -11121?
11141
In base 11, what is 173704 + -4?
173700
In base 8, what is -114 - 373?
-507
In base 5, what is -12 + -100043?
-100110
In base 11, what is -29716 - 20?
-29736
In base 2, what is -110 - -1011001100100?
1011001011110
In base 4, what is -332201 - 0?
-332201
In base 16, what is -c + 2230?
2224
In base 12, what is -5ab36 - 2?
-5ab38
In base 7, what is 56053 - -3?
56056
In base 13, what is -2 + -252?
-254
In base 2, what is -10010111001101 - 1100?
-10010111011001
In base 11, what is 132 - -5471?
55a3
In base 14, what is 1b39 + 2c5?
2020
In base 9, what is -111433 + -6?
-111440
In base 8, what is -111 - -1037?
726
In base 14, what is 3 + 115b?
1160
In base 8, what is 10 + 4002?
4012
In base 14, what is -6 + 171?
169
In base 10, what is 46537 + -5?
46532
In base 11, what is 365 - -18?
382
In base 8, what is 10506 - 113?
10373
In base 16, what is 89 - 272f?
-26a6
In base 15, what is -42 - -b0?
6d
In base 12, what is -1025 - -371?
-874
In base 7, what is 2 + 120660?
120662
In base 15, what is e7 - -3c8a?
3d82
In base 14, what is 294 - -26b4?
2968
In base 8, what is -35271 - -4?
-35265
In base 12, what is 717 + -36?
6a1
In base 12, what is bb465 + 12?
bb477
In base 8, what is -55171 - 2?
-55173
In base 2, what is -101 - -101000000010101?
101000000010000
In base 12, what is 65a60 - -3?
65a63
In base 9, what is -1 + -257523?
-257524
In base 2, what is 10011 - -1001011?
1011110
In base 13, what is 58 + -a650?
-a5c5
In base 5, what is 11314 - -200?
12014
In base 2, what is -110111010001 + 10010?
-110110111111
In base 9, what is 1 - -1427523?
1427524
In base 3, what is -22121001 + 101221?
-22012010
In base 10, what is 3940 + -894?
3046
In base 14, what is 3d374 - -11?
3d385
In base 7, what is -1104411 + -1?
-1104412
In base 5, what is 1422121 + -13?
1422103
In base 11, what is 5039 + 7?
5045
In base 13, what is -4568 - 7?
-4572
In base 11, what is -9 - 10739?
-10747
In base 15, what is -2 + 107e?
107c
In base 5, what is -1334 + 313?
-1021
In base 12, what is -206 + 244?
3a
In base 5, what is 10 - 310442?
-310432
In base 14, what is -9d + 75?
-28
In base 12, what is 8568 + -1?
8567
In base 15, what is 81d + -209?
614
In base 11, what is 44a + 8a6?
1245
In base 11, what is -830 + -12?
-842
In base 4, what is -22232 + 113?
-22113
In base 6, what is -4554304 + -3?
-4554311
In base 6, what is 3 + 21113?
21120
In base 4, what is -330120 + -2?
-330122
In base 6, what is 1435435 - -12?
1435451
In base 6, what is 500 + 223115?
224015
In base 15, what is 161ee - 5?
161e9
In base 13, what is 19b1 + 5?
19b6
In base 2, what is -10110111 - -10101001101?
10010010110
In base 14, what is -422889 - 5?
-422890
In base 5, what is 20 - 334221?
-334201
In base 5, what is 142024 - 3?
142021
In base 5, what is -1444 + -113?
-2112
In base 15, what is -38b - -187?
-204
In base 9, what is 313865 - 3?
313862
In base 11, what is -2 - 286488?
-28648a
In base 16, what is 33 + 4c?
7f
In base 13, what is 30062 - -5?
30067
In base 15, what is -21 - -e98?
e77
In base 9, what is -85 - -383?
287
In base 13, what is -ca3c - -3?
-ca39
In base 2, what is -1110101 + -11000100?
-100111001
In base 6, what is -5233 + 3?
-5230
In base 12, what is -3 + -34b097?
-34b09a
In base 13, what is 1cb96 - -4?
1cb9a
In base 11, what is 695 + -19a?
4a6
In base 12, what is 1bab4 + -2?
1bab2
In base 15, what is -10205d + -4?
-102062
In base 8, what is -25 + -13474?
-13521
In base 15, what is -10b52 - -12?
-10b40
In base 12, what is -a4 - -13b3?
130b
In base 14, what is -17b + 15?
-166
In base 13, what is 90 + -5ab7?
-5a27
In base 13, what is -1b26 + -37b?
-21a4
In base 4, what is -20 + -312012230?
-312012310
In base 3, what is -21212121 - -200?
-21211221
In base 13, what is -3 - 3519?
-351c
In base 10, what is 3 - 634204?
-634201
In base 4, what is 21323 - 31032?
-3103
In base 5, what is 23 + -323032?
-323004
In base 2, what is 100 - -1010011010100?
1010011011000
In base 4, what is 1120332331 + 1?
1120332332
In base 13, what is 1c1 - -89?
27a
In base 10, what is -621968 + -2?
-621970
In base 2, what is 1100 + -11100011001?
-11100001101
In base 11, what is -99952 + 2?
-99950
In base 8, what is 4 + 602221?
602225
In base 15, what is -d + -174dd?
-174eb
In base 16, what is -112 + 1fa?
e8
In base 6, what is 153 - -333?
530
In base 3, what is 2 + -1101120022?
-1101120020
In base 16, what is 3b2f - 0?
3b2f
In base 4, what is 3 - 1003132?
-1003123
In base 12, what is 2065a9 + -2?
2065a7
In base 8, what is -3 + -21753?
-21756
In base 7, what is -3 + 35361?
35355
In base 16, what is 71132c + 5?
711331
In base 15, what is -3 - 5d1b?
-5d1e
In base 7, what is 1 + -555005?
-555004
In base 11, what is 4094971 - 2?
409496a
In base 15, what is ee172 - -3?
ee175
In base 9, what is -1 + 10824?
10823
In base 11, what is 5 - -346118?
346122
In base 5, what is 1 - 34130?
-34124
In base 4, what is 31011211 + 3?
31011220
In base 13, what is 5 - -2a59?
2a61
In base 10, what is 37981 + -10?
37971
In base 16, what is -2051 + 4?
-204d
In base 2, what is -1010111011000001100 + 0?
-1010111011000001100
In base 2, what is -10 - 10101001010010?
-10101001010100
In base 2, what is 1 + 100011010100011010000?
100011010100011010001
In base 6, what is -120302 + -3?
-120305
In base 5, what is 12 + 214242?
214304
In base 7, what is -43 + -11121?
-11164
In base 7, what is 53454245 + 2?
53454250
In base 5, what is 20401 + -10?
20341
In base 12, what is -7 + 1a996?
1a98b
In base 14, what is -7c41c - 0?
-7c41c
In base 15, what is -367 - -2?
-365
In base 13, what is 7b0 + -13?
79a
In base 6, what is 120 - 53?
23
In base 5, what is 